a
-d571e7 (base 15) to base 7
-152160055
31430332 (base 5) to base 15
53562
399743 (base 16) to base 7
44036501
Convert 205a5 (base 11) to base 3.
1112011012
-172871 (base 13) to base 8
-2147042
-33224402 (base 6) to base 5
-223431210
What is -22ba54b (base 13) in base 15?
-e20353
What is 203023330 (base 4) in base 13?
507a6
Convert 1254 (base 12) to base 2.
100000100000
Convert 110011000111000010 (base 2) to base 8.
630702
What is 90142 (base 10) in base 7?
523543
-2521223 (base 7) to base 2
-1001111001111110001
Convert -204226 (base 7) to base 2.
-1000100100100000
Convert -817274 (base 9) to base 7.
-4054624
What is 32555103 (base 6) in base 3?
1211202202110
Convert -1011102010 (base 3) to base 9.
-34363
-2144042 (base 5) to base 3
-1220022002
2212211022111 (base 3) to base 11
9569a9
Convert -3192629 (base 10) to base 15.
-430e6e
6573614 (base 9) to base 11
1aa3028
49229 (base 11) to base 4
101102200
-796c5 (base 13) to base 2
-110101111011001011
Convert 423400 (base 8) to base 11.
96a83
-14103304 (base 6) to base 11
-2a4a46
What is -1d8246 (base 15) in base 5?
-332220031
Convert -3031221 (base 4) to base 7.
-53241
Convert -11200211220 (base 3) to base 16.
-16938
What is -1000011001000111 (base 2) in base 4?
-20121013
270412 (base 11) to base 10
425086
What is -110010110010100011110110 (base 2) in base 3?
-221001102210000
-7932293 (base 10) to base 11
-4528716
What is -586782 (base 15) in base 4?
-100013031032
4616060 (base 7) to base 13
1721c0
-3330dd (base 14) to base 13
-48a8c9
Convert 4021231 (base 5) to base 6.
1212005
Convert 461 (base 16) to base 4.
101201
301131153 (base 6) to base 16
4dc7ed
What is -6ccb3 (base 16) in base 12?
-195a6b
-68ac73 (base 14) to base 10
-3564165
What is -70420 (base 15) in base 6?
-11340533
Convert -935410 (base 10) to base 7.
-10644100
-205021534 (base 6) to base 16
-36dd02
What is 1001020010 (base 5) in base 9?
3632304
What is 11657 (base 12) in base 3?
1012002111
What is -543661 (base 7) in base 2?
-10111001100011101
-37096 (base 13) to base 16
-18b41
Convert 119e73e (base 15) to base 9.
25726645
What is 648362 (base 9) in base 4?
1132121231
Convert 167162 (base 11) to base 3.
111010110111
4022334 (base 5) to base 6
1212422
550b7 (base 15) to base 8
1017534
Convert 41416213 (base 8) to base 12.
2b3a377
-212112102201011 (base 3) to base 10
-12507241
-2500225 (base 8) to base 11
-430127
Convert -100000000001111101 (base 2) to base 7.
-1054333
-255cad (base 15) to base 4
-12311121331
221201022 (base 5) to base 8
3522030
What is -95425 (base 15) in base 11?
-2a3776
Convert 4153443 (base 6) to base 16.
313e3
155403302 (base 6) to base 11
19847a9
Convert 10165415 (base 7) to base 6.
30210035
Convert -131408 (base 9) to base 7.
-451430
Convert 11362512 (base 7) to base 14.
1c2d79
Convert -5094966 (base 10) to base 7.
-61210062
Convert -10525635 (base 7) to base 12.
-381213
3021011312 (base 4) to base 2
11001001000101110110
Convert -5750254 (base 8) to base 15.
-20c69d
83215 (base 12) to base 3
22201002022
What is -21231140 (base 5) in base 4?
-223333022
What is 1501530 (base 6) in base 10?
85950
What is -5cb19 (base 15) in base 7?
-2342223
What is 1a03708 (base 11) in base 2?
1100111010111000100111
10000001111010010001 (base 2) to base 7
4344231
-6e004 (base 15) to base 2
-1010101101100011100
What is -2a67a (base 15) in base 8?
-412421
What is -273736 (base 11) in base 16?
-68d9c
Convert 163654320 (base 7) to base 15.
eaa976
What is -111432423 (base 5) in base 12?
-200a09
1010100010001011 (base 2) to base 12
20b77
What is 4212433 (base 5) in base 15?
159e8
What is -215231004 (base 6) in base 8?
-16661614
6889 (base 12) to base 5
333000
Convert -10443117 (base 8) to base 13.
-608535
-15657b3 (base 12) to base 16
-429837
Convert -56360475 (base 8) to base 7.
-205354341
Convert -da6d2 (base 14) to base 13.
-156565
1285777 (base 9) to base 8
2543405
What is -32123311332 (base 4) in base 9?
-7106673
Convert -101101111011100111 (base 2) to base 10.
-188135
4517 (base 11) to base 5
142242
Convert -115534 (base 10) to base 16.
-1c34e
What is 5af2 (base 16) in base 14?
86b0
What is -1023031023 (base 4) in base 5?
-34324133
-447491 (base 11) to base 5
-140301134
Convert 122131111230 (base 4) to base 12.
23a5a10
Convert -80bb37 (base 14) to base 11.
-24a0a32
What is -1015837 (base 9) in base 6?
-15342441
-444719 (base 10) to base 2
-1101100100100101111
-111102222210 (base 4) to base 13
-1205664
-112210 (base 5) to base 15
-1305
21414713 (base 8) to base 14
878359
What is 22543033 (base 7) in base 9?
3643031
What is -1201310231 (base 4) in base 2?
-1100001110100101101
What is -178001 (base 11) in base 10?
-274187
What is -21011156 (base 7) in base 8?
-6574221
Convert -14c6353 (base 13) to base 2.
-11001011100000010110110
Convert -2151520 (base 7) to base 15.
-53677
-5733724 (base 9) to base 2
-1011110011001000001111
Convert 46cda (base 15) to base 16.
37177
What is -1224343 (base 6) in base 9?
-110230
What is 9566e (base 15) in base 7?
4012535
What is -1399a4 (base 11) in base 13?
-783b3
-2042510 (base 6) to base 2
-11000001100101010
Convert -9865b (base 15) to base 14.
-c859b
Convert -10456160 (base 7) to base 13.
-258b78
-10023325 (base 8) to base 4
-20002123111
What is -162705 (base 9) in base 16?
-1885d
What is 121312034 (base 5) in base 3?
1002002200200
-140506 (base 8) to base 5
-3040403
Convert -64076 (base 15) to base 10.
-317361
Convert 1111021020 (base 4) to base 5.
42124434
102011301 (base 5) to base 2
1100111001100101101
Convert -30514562 (base 7) to base 3.
-11210222220122
2411064 (base 7) to base 14
7d3a4
Convert 122dd4 (base 14) to base 3.
1011122102120
What is -1011100101101101000 (base 2) in base 13?
-103b09
Convert -118aa3 (base 16) to base 14.
-21cd47
Convert -20155176 (base 8) to base 7.
-51061236
-da906d (base 14) to base 5
-3343310130
What is 298329 (base 10) in base 3?
120011020020
-1012222220220 (base 3) to base 5
-131240412
Convert -8b8104 (base 13) to base 16.
-326378
What is 3fae3e (base 16) in base 15?
57684e
Convert -c4a74 (base 13) to base 4.
-1112100121
Convert -17ba1b (base 12) to base 2.
-1100101001011110111
What is -210438 (base 11) in base 10?
-337268
Convert -731837 (base 10) to base 6.
-23404045
What is 16efe (base 16) in base 2?
10110111011111110
406a40 (base 11) to base 7
5361041
-137def (base 16) to base 10
-1277423
What is -1882f (base 16) in base 14?
-28835
Convert -37661 (base 10) to base 8.
-111435
Convert 414900 (base 10) to base 15.
82e00
What is 166679 (base 10) in base 3?
22110122022
-13241404011 (base 5) to base 9
-34455071
-30b6b (base 12) to base 3
-10020121202
5322332 (base 7) to base 15
cad9e
Convert -174a7f (base 16) to base 3.
-2212112211022
What is 20120421 (base 5) in base 7?
1236422
Convert -1001000011110111110 (base 2) to base 6.
-10210302
201321212 (base 4) to base 7
1115552
Convert -1011101100110110011000 (base 2) to base 13.
-835183
What is -11444266 (base 7) in base 9?
-1823484
-4fea (base 16) to base 13
-9409
65a674 (base 13) to base 5
1103044032
What is -2020022222110 (base 3) in base 2?
-100100001111011000110
-120998 (base 11) to base 8
-566051
-1000100101011111000100 (base 2) to base 5
-1034010232
What is 3606185 (base 13) in base 15?
1704865
2040a4 (base 11) to base 15
670b0
What is 1010001011101010 (base 2) in base 8?
121352
431321332 (base 5) to base 3
10102122011012
What is -1093841 (base 10) in base 16?
-10b0d1
Convert -111011011000110110 (base 2) to base 9.
-410612
What is 321046 (base 8) in base 16?
1a226
Convert -111071a (base 13) to base 16.
-4fc55d
-13aa1 (base 16) to base 11
-55573
What is 54153654 (base 7) in base 13?
c59241
-370892 (base 12) to base 14
-193594
361323 (base 8) to base 13
4434c
Convert -1120022211220 (base 3) to base 7.
-10036653
What is 52320513 (base 7) in base 3?
22021222022110
Convert 2112201042 (base 5) to base 13.
bb6645
What is -821736 (base 9) in base 13?
-140796
What is -44ac1d (base 14) in base 10?
-2334779
-67540 (base 12) to base 15
-2aa20
Convert -1100101101110110 (base 2) to base 10.
-52086
Convert -10001422414 (base 5) to base 9.
-20378632
What is 10100111001000001100 (base 2) in base 10?
684556
Convert 362347 (base 11) to base 8.
2141173
29c45 (base 15) to base 12
65932
What is 6b288 (base 12) in base 7?
113